{"id":45,"date":"2012-12-16T12:06:20","date_gmt":"2012-12-16T11:06:20","guid":{"rendered":"http:\/\/www.morong.info\/?page_id=45"},"modified":"2022-09-04T08:32:24","modified_gmt":"2022-09-04T07:32:24","slug":"rm","status":"publish","type":"page","link":"https:\/\/www.morong.info\/","title":{"rendered":"RM"},"content":{"rendered":"<p>AMMYY admin, odkaz ke sta\u017een\u00ed &#8211; <a title=\"ammyy.com\" href=\"http:\/\/www.ammyy.com\/AA_v3.exe\">http:\/\/www.ammyy.com<\/a><\/p>\n<p>TeamViewer, odkaz ke sta\u017een\u00ed (klient) &#8211;&nbsp; <a title=\"teamviewer.com\" href=\"https:\/\/download.teamviewer.com\/download\/TeamViewerQS.exe\">http:\/\/www.teamviewer.com<\/a><\/p>\n<p>Supremo, odkaz ke sta\u017een\u00ed &#8211; <a href=\"https:\/\/www.supremocontrol.com\/download.aspx?file=Supremo.exe&amp;id_sw=7&amp;ws=supremocontrol.commocontrol.com\">https:\/\/www.supremocontrol.com<\/a><\/p>\n<p>CloudBerry, odkaz ke sta\u017een\u00ed &#8211; <a href=\"https:\/\/www.cloudberrylab.com\/download.aspx?prod=cbra\" target=\"_blank\" rel=\"noopener noreferrer\">https:\/\/www.cloudberrylab.com<\/a><\/p>\n\n\n<p>UltraViewer, odkaz ke sta\u017een\u00ed &#8211; <a rel=\"noreferrer noopener\" href=\"https:\/\/ultraviewer.net\/en\/download.html\" target=\"_blank\">https:\/\/ultraviewer.net<\/a><\/p>\n\n\n\n<p>RustDesk, odkaz na sta\u017een\u00ed &#8211; <a rel=\"noreferrer noopener\" href=\"http:\/\/rustdesk.com\/\" target=\"_blank\">http:\/\/rustdesk.com<\/a><\/p>\n\n\n\n<p>DWService, odkaz na str\u00e1nku projektu &#8211; <a href=\"https:\/\/www.dwservice.net\" target=\"_blank\" rel=\"noreferrer noopener\">https:\/\/www.dwservice.net<\/a><\/p>\n","protected":false},"excerpt":{"rendered":"<p>AMMYY admin, odkaz ke sta\u017een\u00ed &#8211; http:\/\/www.ammyy.com TeamViewer, odkaz ke sta\u017een\u00ed (klient) &#8211;&nbsp; http:\/\/www.teamviewer.com Supremo, odkaz ke sta\u017een\u00ed &#8211; https:\/\/www.supremocontrol.com CloudBerry, odkaz ke sta\u017een\u00ed &#8211; https:\/\/www.cloudberrylab.com UltraViewer, odkaz ke sta\u017een\u00ed &#8211; https:\/\/ultraviewer.net RustDesk, odkaz na sta\u017een\u00ed &#8211; http:\/\/rustdesk.com DWService, odkaz &hellip; <a href=\"https:\/\/www.morong.info\/\">Cel\u00fd p\u0159\u00edsp\u011bvek <span class=\"meta-nav\">&rarr;<\/span><\/a><\/p>\n","protected":false},"author":1,"featured_media":0,"parent":0,"menu_order":0,"comment_status":"closed","ping_status":"open","template":"","meta":{"footnotes":""},"class_list":["post-45","page","type-page","status-publish","hentry"],"_links":{"self":[{"href":"https:\/\/www.morong.info\/index.php?rest_route=\/wp\/v2\/pages\/45","targetHints":{"allow":["GET"]}}],"collection":[{"href":"https:\/\/www.morong.info\/index.php?rest_route=\/wp\/v2\/pages"}],"about":[{"href":"https:\/\/www.morong.info\/index.php?rest_route=\/wp\/v2\/types\/page"}],"author":[{"embeddable":true,"href":"https:\/\/www.morong.info\/index.php?rest_route=\/wp\/v2\/users\/1"}],"replies":[{"embeddable":true,"href":"https:\/\/www.morong.info\/index.php?rest_route=%2Fwp%2Fv2%2Fcomments&post=45"}],"version-history":[{"count":17,"href":"https:\/\/www.morong.info\/index.php?rest_route=\/wp\/v2\/pages\/45\/revisions"}],"predecessor-version":[{"id":481,"href":"https:\/\/www.morong.info\/index.php?rest_route=\/wp\/v2\/pages\/45\/revisions\/481"}],"wp:attachment":[{"href":"https:\/\/www.morong.info\/index.php?rest_route=%2Fwp%2Fv2%2Fmedia&parent=45"}],"curies":[{"name":"wp","href":"https:\/\/api.w.org\/{rel}","templated":true}]}}